{"id":90,"date":"2016-05-12T13:38:27","date_gmt":"2016-05-12T11:38:27","guid":{"rendered":"http:\/\/www.heimatverein-suedlohn.de\/neu2016\/?page_id=90"},"modified":"2024-03-03T23:40:52","modified_gmt":"2024-03-03T22:40:52","slug":"glocken-gelaeute","status":"publish","type":"page","link":"http:\/\/www.heimatverein-suedlohn.de\/index.php\/ueber-suedlohn\/st-vitus-u-st-jakobus\/st-jakobus-pfarrkirche-oeding\/glocken-gelaeute\/","title":{"rendered":"Glocken \/ Gel\u00e4ute"},"content":{"rendered":"<section  class='av_textblock_section av-av_textblock-0366cc7376be6c9e82a3e9cc8987b64f'  itemscope=\"itemscope\" itemtype=\"https:\/\/schema.org\/CreativeWork\" ><div class='avia_textblock'  itemprop=\"text\" ><h2>Glocken der St. Jakobus-Kirche<\/h2>\n<div style=\"text-align: justify;\">Im November 1911 erhielt die Kirche drei neue Kirchenglocken von der Firma Karl und Franz Otto aus Bremen-Hemelingen. Die Gie\u00dferei war bekannt f\u00fcr ihre hochwertigen Produk\u00adte und lieferte noch im gleichen Jahr zwei Glocken f\u00fcr den K\u00f6lner Dom. Schon im Ersten Weltkrieg (1914-18) wurden zwei der drei neuen Glocken Oedings f\u00fcr die R\u00fcstungsindustrie ein\u00adgeschmolzen.<br \/>\nZu der erhalten gebliebenen G-Glocke wurden im Oktober 1923 zwei neue Glocken mit den tieferen Kl\u00e4ngen D und F von der Firma Petit &amp; Gebr. Edelbrock aus Gescher geliefert, die sich nach einem Urteil des Dom\u00adchordirektors Cortner hervorragend erg\u00e4nzten. Das gesamte Gel\u00e4ut musste im Zweiten Weltkrieg an die Metall\u00adverwertungsstelle abgeliefert werden. Als Ersatz erhielt die Pfarrgemeinde vor\u00fcbergehend eine wertvolle histori\u00adsche Glocke der Pfarrei Sch\u00f6ppingen.<\/div>\n<div style=\"text-align: justify;\"><\/div>\n<div style=\"text-align: justify;\"><a title=\"Glocken in der St. Jakobus-Kirche\" href=\"http:\/\/www.heimatverein-suedlohn.de\/media\/ueber_oeding\/kirche\/glocken_1_gr.jpg\" rel=\"lightbox\">\u00a0<\/a><\/div>\n<div style=\"text-align: justify;\"><\/div>\n<div style=\"text-align: justify;\"><\/div>\n<div style=\"text-align: justify;\"><\/div>\n<div style=\"text-align: justify;\"><\/div>\n<div style=\"text-align: justify;\"><\/div>\n<table style=\"width: 844px; height: 1074px;\" border=\"0\" cellspacing=\"0\" cellpadding=\"0\">\n<tbody>\n<tr>\n<td width=\"169\"><a title=\"Glocken in der St. Jakobus-Kirche\" href=\"http:\/\/www.heimatverein-suedlohn.de\/media\/ueber_oeding\/kirche\/glocken_1_gr.jpg\" rel=\"lightbox\"><img loading=\"lazy\" decoding=\"async\" class=\"\" src=\"http:\/\/www.heimatverein-suedlohn.de\/media\/ueber_oeding\/kirche\/glocken_1.jpg\" alt=\"\" width=\"218\" height=\"163\" align=\"left\" hspace=\"10\" vspace=\"10\" \/><\/a><a title=\"Glocken in der St. Jakobus-Kirche\" href=\"http:\/\/www.heimatverein-suedlohn.de\/media\/ueber_oeding\/kirche\/glocke_2_gr.jpg\" rel=\"lightbox\"><img loading=\"lazy\" decoding=\"async\" src=\"http:\/\/www.heimatverein-suedlohn.de\/media\/ueber_oeding\/kirche\/glocke_2.jpg\" alt=\"\" width=\"150\" height=\"200\" align=\"left\" hspace=\"10\" vspace=\"10\" \/><\/a><\/td>\n<td style=\"text-align: justify;\" width=\"457\">Zu Weihnachten 1949 erklangen drei neue Glocken zum ersten Mal, die wiederum von der Firma Petit &amp; Gebr. Edelbrock gegossenen wurden. Es handelt sich um die D-Glocke (\u201eHerz-Jesu-Glocke&#8220;) mit der Inschrift \u201eDum trahor, audite, ad cor Jesu venite!&#8220; (deutsch: \u201eWenn ich l\u00e4ute, h\u00f6ret und kommet zum Herzen Jesu!&#8220;). Sie hat einen Durchmesser von 1,50 m und wiegt 2075 kg.<\/td>\n<\/tr>\n<tr>\n<td width=\"169\"><a title=\"Glocken in der St. Jakobus-Kirche\" href=\"http:\/\/www.heimatverein-suedlohn.de\/media\/ueber_oeding\/kirche\/glocke_3_gr.jpg\" rel=\"lightbox\"><img loading=\"lazy\" decoding=\"async\" src=\"http:\/\/www.heimatverein-suedlohn.de\/media\/ueber_oeding\/kirche\/glocke_3.jpg\" alt=\"\" width=\"150\" height=\"200\" align=\"left\" hspace=\"10\" vspace=\"10\" \/><\/a><\/td>\n<td style=\"text-align: justify;\" width=\"457\">Die F-Glocke (\u201eHerz-Mari\u00e4-Glocke&#8220;) tr\u00e4gt die Inschrift \u201eAve Maria, gratia plena&#8220; (deutsch: \u201eGegr\u00fc\u00dfet seist du Maria, voll der Gnade&#8220;). Sie hat einen Durchmesser von 1,25 m und wiegt 1175 kg.<\/td>\n<\/tr>\n<tr>\n<td width=\"169\"><\/td>\n<td width=\"457\"><\/td>\n<\/tr>\n<tr>\n<td width=\"169\"><a title=\"Glocken in der St. Jakobus-Kirche\" href=\"http:\/\/www.heimatverein-suedlohn.de\/media\/ueber_oeding\/kirche\/glocke_4_gr.jpg\" rel=\"lightbox\"><img loading=\"lazy\" decoding=\"async\" src=\"http:\/\/www.heimatverein-suedlohn.de\/media\/ueber_oeding\/kirche\/glocke_4.jpg\" alt=\"\" width=\"150\" height=\"200\" align=\"left\" hspace=\"10\" vspace=\"10\" \/><\/a><\/td>\n<td style=\"text-align: justify;\" width=\"457\">Die kleinste Glocke ist die G-Glocke (\u201eJakobus-Glocke&#8220;) mit der Inschrift \u201eVivos voco, festa decoro, mortuos plango, vocor Jacobus&#8220; (deutsch: \u201eIch rufe die Lebenden, ich versch\u00f6nere die Feste, ich betrauere die Toten und werde Jakobus genannt&#8220;).<\/td>\n<\/tr>\n<tr>\n<td width=\"169\"><\/td>\n<td width=\"457\"><\/td>\n<\/tr>\n<tr>\n<td width=\"169\"><a title=\"Glocken in der St. Jakobus-Kirche\" href=\"http:\/\/www.heimatverein-suedlohn.de\/media\/ueber_oeding\/kirche\/glocke_5_gr.jpg\" rel=\"lightbox\"><img loading=\"lazy\" decoding=\"async\" src=\"http:\/\/www.heimatverein-suedlohn.de\/media\/ueber_oeding\/kirche\/glocke_5.jpg\" alt=\"\" width=\"181\" height=\"200\" align=\"left\" hspace=\"10\" vspace=\"10\" \/><\/a><\/td>\n<td style=\"text-align: justify;\" width=\"457\">Unbekannte Glocke oberhalb des Glockenstuhles (nicht in Benutzung)<br \/>\nDiese Glocke wurde in der Missionskapelle auch als Alarmglocke benutzt, sie soll schon in der Burgkapelle gehangen haben.<\/td>\n<\/tr>\n<\/tbody>\n<\/table>\n<div style=\"text-align: justify;\"><\/div>\n<div><\/div>\n<div>\u00a0<img decoding=\"async\" style=\"width: 93px; height: 131px;\" src=\"http:\/\/www.heimatverein-suedlohn.de\/media\/ueber_oeding\/kirche\/broschuere.jpg\" alt=\"\" align=\"left\" hspace=\"10\" vspace=\"10\" \/><\/div>\n<div><\/div>\n<div>Quelle:<\/div>\n<p><span style=\"font-size: 8px;\">Texte zum Teil aus der Brosch\u00fcre St. Jakobus Oeding<br \/>\n\u00a9 Westf\u00e4lische Kunstst\u00e4tten, Heft 111: St. Jakobus in Oeding. Herausgeber: Westf\u00e4lischer Heimatbund, Kaiser-Wilhclm-Ring 3,48145 M\u00fcnster, in Verbindung mit LWL &#8211; Denkmalpflege, Landschafts- und Bau\u00adkultur in Westfalen, M\u00fcnster 2012.<br \/>\nISSN 0930-3952<\/span><\/p>\n<\/div><\/section>\n","protected":false},"excerpt":{"rendered":"","protected":false},"author":1,"featured_media":0,"parent":86,"menu_order":18,"comment_status":"closed","ping_status":"closed","template":"","meta":{"footnotes":""},"class_list":["post-90","page","type-page","status-publish","hentry"],"_links":{"self":[{"href":"http:\/\/www.heimatverein-suedlohn.de\/index.php\/wp-json\/wp\/v2\/pages\/90","targetHints":{"allow":["GET"]}}],"collection":[{"href":"http:\/\/www.heimatverein-suedlohn.de\/index.php\/wp-json\/wp\/v2\/pages"}],"about":[{"href":"http:\/\/www.heimatverein-suedlohn.de\/index.php\/wp-json\/wp\/v2\/types\/page"}],"author":[{"embeddable":true,"href":"http:\/\/www.heimatverein-suedlohn.de\/index.php\/wp-json\/wp\/v2\/users\/1"}],"replies":[{"embeddable":true,"href":"http:\/\/www.heimatverein-suedlohn.de\/index.php\/wp-json\/wp\/v2\/comments?post=90"}],"version-history":[{"count":5,"href":"http:\/\/www.heimatverein-suedlohn.de\/index.php\/wp-json\/wp\/v2\/pages\/90\/revisions"}],"predecessor-version":[{"id":7664,"href":"http:\/\/www.heimatverein-suedlohn.de\/index.php\/wp-json\/wp\/v2\/pages\/90\/revisions\/7664"}],"up":[{"embeddable":true,"href":"http:\/\/www.heimatverein-suedlohn.de\/index.php\/wp-json\/wp\/v2\/pages\/86"}],"wp:attachment":[{"href":"http:\/\/www.heimatverein-suedlohn.de\/index.php\/wp-json\/wp\/v2\/media?parent=90"}],"curies":[{"name":"wp","href":"https:\/\/api.w.org\/{rel}","templated":true}]}}