{"id":8064,"date":"2026-04-06T10:18:44","date_gmt":"2026-04-06T08:18:44","guid":{"rendered":"https:\/\/www.heimatverein-suedlohn.de\/?page_id=8064"},"modified":"2026-04-06T10:22:30","modified_gmt":"2026-04-06T08:22:30","slug":"menschen-in-suedlohn-2","status":"publish","type":"page","link":"http:\/\/www.heimatverein-suedlohn.de\/index.php\/ueber-suedlohn\/menschen-in-suedlohn-2\/","title":{"rendered":"Menschen in S\u00fcdlohn"},"content":{"rendered":"\n<style type=\"text\/css\" data-created_by=\"avia_inline_auto\" id=\"style-css-av-1kei93-1235eee5a0a8348c3b19b1ff6124cae6\">\n.flex_column.av-1kei93-1235eee5a0a8348c3b19b1ff6124cae6{\n-webkit-border-radius:0px 0px 0px 0px;\n-moz-border-radius:0px 0px 0px 0px;\nborder-radius:0px 0px 0px 0px;\npadding:0px 0px 0px 0px;\n}\n<\/style>\n<div class='flex_column av-1kei93-1235eee5a0a8348c3b19b1ff6124cae6 av_one_full  avia-builder-el-0  el_before_av_one_fourth  avia-builder-el-first  first flex_column_div av-zero-column-padding '     ><section  class='av_textblock_section av-1jvwyn-2ada4b957a56469c965710d999834c7f'  itemscope=\"itemscope\" itemtype=\"https:\/\/schema.org\/CreativeWork\" ><div class='avia_textblock'  itemprop=\"text\" ><h1>Menschen in S\u00fcdlohn<\/h1>\n<p>Es gibt viele verstorbene Menschen, die sich um S\u00fcdlohn verdient gemacht haben: Ehrenb\u00fcrger und B\u00fcrgermeister, Pfarrer, Tr\u00e4ger von Verdienstorden und nicht zuletzt B\u00fcrger und B\u00fcrgerinnen wie du und ich:<br \/>\nHandwerker, Kaufleute, Bauern, Gastwirte, \u00c4rzte, Unternehmer und viele mehr<\/p>\n<p>Sie alle haben zu Lebzeiten auf ihre Art das Leben in der Gemeinde gepr\u00e4gt und mitgestaltet. Diesen B\u00fcrgern geh\u00f6rt diese Rubrik. Wir sind uns im Klaren dar\u00fcber, dass wir nicht alle erfasst haben, denen ein Platz geb\u00fchrt.<\/p>\n<p>So erwarten wir gerne zus\u00e4tzliche Hinweise:<\/p>\n<ul>\n<li>Am besten mit Digital-Foto oder auch mit einer Fotografie zum Scannen, das Bild erhalten Sie zuverl\u00e4ssig zur\u00fcck.<\/li>\n<li>Einen begleitenden Text mit einer Kurzbiografie \u2013 ausformuliert oder in Stichworten.<\/li>\n<li>Unterlagen senden Sie per Mail an: bennemann.suedlohn@t-online.de\u00a0\u00a0\u00a0\u00a0 oder geben diese an<\/li>\n<li>Ernst Bennemann, Droste-H\u00fclshoff-Stra\u00dfe 18, 46354 S\u00fcdlohn, Tel. 02862 \u2013 7112<\/li>\n<\/ul>\n<p>Sollten Sie mit einer Ver\u00f6ffentlichung nicht einverstanden sein, geben Sie uns bitte einen Hinweis. Wir l\u00f6schen dann Bild und\/oder Text.<\/p>\n<p>Herzlichen Dank f\u00fcr Ihre Mithilfe!<\/p>\n<p>S\u00fcdlohn, im Juni 2014<br \/>\nHeimatverein S\u00fcdlohn e.V.<br \/>\n\u2013 Ernst Bennemann \u2013<\/p>\n<div><\/div>\n<\/div><\/section><\/div>\n","protected":false},"excerpt":{"rendered":"","protected":false},"author":1,"featured_media":0,"parent":23,"menu_order":1,"comment_status":"closed","ping_status":"closed","template":"","meta":{"footnotes":""},"class_list":["post-8064","page","type-page","status-publish","hentry"],"_links":{"self":[{"href":"http:\/\/www.heimatverein-suedlohn.de\/index.php\/wp-json\/wp\/v2\/pages\/8064","targetHints":{"allow":["GET"]}}],"collection":[{"href":"http:\/\/www.heimatverein-suedlohn.de\/index.php\/wp-json\/wp\/v2\/pages"}],"about":[{"href":"http:\/\/www.heimatverein-suedlohn.de\/index.php\/wp-json\/wp\/v2\/types\/page"}],"author":[{"embeddable":true,"href":"http:\/\/www.heimatverein-suedlohn.de\/index.php\/wp-json\/wp\/v2\/users\/1"}],"replies":[{"embeddable":true,"href":"http:\/\/www.heimatverein-suedlohn.de\/index.php\/wp-json\/wp\/v2\/comments?post=8064"}],"version-history":[{"count":2,"href":"http:\/\/www.heimatverein-suedlohn.de\/index.php\/wp-json\/wp\/v2\/pages\/8064\/revisions"}],"predecessor-version":[{"id":8068,"href":"http:\/\/www.heimatverein-suedlohn.de\/index.php\/wp-json\/wp\/v2\/pages\/8064\/revisions\/8068"}],"up":[{"embeddable":true,"href":"http:\/\/www.heimatverein-suedlohn.de\/index.php\/wp-json\/wp\/v2\/pages\/23"}],"wp:attachment":[{"href":"http:\/\/www.heimatverein-suedlohn.de\/index.php\/wp-json\/wp\/v2\/media?parent=8064"}],"curies":[{"name":"wp","href":"https:\/\/api.w.org\/{rel}","templated":true}]}}