{"id":70,"date":"2016-05-12T13:14:11","date_gmt":"2016-05-12T11:14:11","guid":{"rendered":"http:\/\/www.heimatverein-suedlohn.de\/neu2016\/?page_id=70"},"modified":"2023-04-08T21:04:00","modified_gmt":"2023-04-08T19:04:00","slug":"pfarrkirche","status":"publish","type":"page","link":"http:\/\/www.heimatverein-suedlohn.de\/index.php\/ueber-suedlohn\/st-vitus-u-st-jakobus\/st-vitus-pfarrkirche-suedlohn\/pfarrkirche\/","title":{"rendered":"Pfarrkirche"},"content":{"rendered":"<section  class='av_textblock_section av-svsi-ee26e4f625bba675f1da813f15c94d2b'  itemscope=\"itemscope\" itemtype=\"https:\/\/schema.org\/CreativeWork\" ><div class='avia_textblock'  itemprop=\"text\" ><h1>St. Vitus Pfarrkirche<\/h1>\n<table style=\"width: 550px; height: 413px;\" border=\"0\" cellspacing=\"0\" cellpadding=\"0\">\n<tbody>\n<tr>\n<td width=\"251\"><a title=\"Blick auf den gotischen Chor der St. Vitus Kirche\" href=\"http:\/\/www.heimatverein-suedlohn.de\/media\/ueber_suedlohn\/suedlohn_heute\/vitus_chor_gr.jpg\" rel=\"lightbox\"><img loading=\"lazy\" decoding=\"async\" src=\"http:\/\/www.heimatverein-suedlohn.de\/media\/ueber_suedlohn\/suedlohn_heute\/vitus_chor_kl.jpg\" alt=\"\" width=\"250\" height=\"353\" \/><\/a><\/td>\n<td width=\"5\"><\/td>\n<td width=\"22\"><\/td>\n<td width=\"262\"><a title=\"Innenansicht der St. Vitus Pfarrkirche Foto: Hubert Nienhaus\" href=\"http:\/\/www.heimatverein-suedlohn.de\/media\/ueber_suedlohn\/diverse\/stvitusinnengr.jpg\" rel=\"lightbox\"><img loading=\"lazy\" decoding=\"async\" src=\"http:\/\/www.heimatverein-suedlohn.de\/media\/ueber_suedlohn\/diverse\/stvitusinnengr.jpg\" alt=\"\" width=\"268\" height=\"357\" \/><\/a><\/td>\n<\/tr>\n<tr>\n<td width=\"251\">\n<div>Blick auf den gotischen Chor der St. Vitus Kirche aus der 2. H\u00e4lfte des 15. Jahrhunderts.<\/div>\n<h6><strong>Foto: Hubert Nienhaus<\/strong><\/h6>\n<\/td>\n<td width=\"5\"><\/td>\n<td width=\"22\"><\/td>\n<td valign=\"top\" width=\"262\">\n<div>Innenansicht der St. Vitus Pfarrkirche<\/div>\n<h6><strong><strong>Foto: Hubert Nienhaus<\/strong><\/strong><\/h6>\n<\/td>\n<\/tr>\n<\/tbody>\n<\/table>\n<p>Die Pfarrkirche St. Vitus bestimmt als historischer und st\u00e4dtebaulicher Mittelpunkt das Bild des Ortes. Durch die Neugestaltung des Ortskerns und damit des Kirchplatzes 1987 \/ 88 ist das \u00e4lteste und bedeutendste Baudenkmal der Gemeinde in einen Rahmen gesetzt worden, der seine Ausstrahlung und Mittelpunktfunktion f\u00fcr den Ort unterstreicht.<\/p>\n<div>Auch nach Erweiterungen, Umbauten, Besch\u00e4digungen und Renovierungen stellt sich der Kirchenbau als ein harmonisch gegliederter Bauk\u00f6rper dar, mit unverwechselbarem Gepr\u00e4ge und kunstgeschichtlicher Bedeutung weit \u00fcber die Gemeindegrenzen hinaus.<\/div>\n<div>Mutterpfarre der Gemeinde ist die Urpfarre Lon mit der Pfarrkirche St. Otger in Nordlohn \u2013 dem heutigen Stadtlohn. Die gro\u00dfe Ausdehnung der Pfarre f\u00fchrte zur Gr\u00fcndung einer Kapelle im S\u00fcden des Kirchspiels. Sie wird 1231 erstmalig urkundlich erw\u00e4hnt. Der Bischof Ludolf von M\u00fcnster erhob die Kapelle zur Pfarrkirche. Pfarrpatron wurde der hl. Vitus.<\/div>\n<div><\/div>\n<div>\n<table style=\"width: 547px; height: 413px;\" border=\"0\" cellspacing=\"0\" cellpadding=\"0\">\n<tbody>\n<tr>\n<td valign=\"top\" width=\"256\"><a title=\"Das reich profilierte seit 1936 zugemauerte Nordportal\" href=\"http:\/\/www.heimatverein-suedlohn.de\/media\/ueber_suedlohn\/suedlohn_heute\/nordportal_gr.jpg\" rel=\"lightbox\"><img loading=\"lazy\" decoding=\"async\" src=\"http:\/\/www.heimatverein-suedlohn.de\/media\/ueber_suedlohn\/suedlohn_heute\/nordportal_kl.jpg\" alt=\"\" width=\"250\" height=\"329\" \/><br \/>\n<\/a><\/td>\n<td valign=\"top\" width=\"48\"><\/td>\n<td valign=\"top\" width=\"235\"><a title=\"Die Inschrift im Sturz des Nordportals gibt Auskunft \u00fcber das Jahr der Errichtung des Langhauses im Jahre 1507: \u201eAnno d(omi)ni M CCCCC VII is desse Te(m)pel a(n)gelacht un(de) upgetim(m)er \u00bb.\" href=\"http:\/\/www.heimatverein-suedlohn.de\/media\/ueber_suedlohn\/suedlohn_heute\/inschrift_gr.jpg\" rel=\"lightbox\"><img loading=\"lazy\" decoding=\"async\" src=\"http:\/\/www.heimatverein-suedlohn.de\/media\/ueber_suedlohn\/suedlohn_heute\/inschrift_kl.jpg\" alt=\"\" width=\"249\" height=\"44\" \/><\/a><\/p>\n<div><\/div>\n<div>Die Inschrift im Sturz des Nordportals gibt Auskunft \u00fcber das Jahr der Errichtung des Langhauses im Jahre 1507:<\/div>\n<div><\/div>\n<div><strong><span lang=\"IT\" style=\"font-style: normal;\">\u201eAnno d(omi)ni M CCCCC VII<\/span> is desse Te(m)pel a(n)gelacht un(de) upgetim(m)er \u00bb.<\/strong><\/div>\n<div>\n<h6><strong><strong>Foto: Ulrich S\u00f6bbing<br \/>\n<\/strong><\/strong><\/h6>\n<\/div>\n<\/td>\n<\/tr>\n<tr>\n<td valign=\"top\" width=\"256\">\n<div>Foto: Ulrich S\u00f6bbing<\/div>\n<div>Das reich profilierte seit 1936 zugemauerte Nordportal<\/div>\n<\/td>\n<td valign=\"top\" width=\"48\"><\/td>\n<td valign=\"top\" width=\"235\"><\/td>\n<\/tr>\n<\/tbody>\n<\/table>\n<\/div>\n<div><\/div>\n<div>Die Planungen f\u00fcr die Erweiterung wegen der angewachsenen Zahl der Gl\u00e4ubigen begann schon um 1900. Die Abpfarrung Oedings 1907 f\u00fchrte zu einem Aufschub des Unternehmens. Pfarrer Bleister (1929 \u2013 1952) nahm das Projekt 1936 in Angriff. Die Erweiterung bestand zum einen in der Verl\u00e4ngerung des dreijochigen Langhauses um ein Joch. Zum anderen wurde vor dem Langhaus ein Querschiff mit einem neuen Turm errichtet. Ein niedriger Anbau erweiterte die Kirche im S\u00fcden. Den Architekten ist es gelungen, die Raumprobleme zu l\u00f6sen und gleichzeitig die wertvolle Bausubstanz zu erhalten.<\/div>\n<div><\/div>\n<div>Die kunsthistorisch bedeutendsten Kostbarkeiten der Kirche sind die eindrucksvollen, erst 1961 wieder entdeckten <a href=\"http:\/\/www.heimatverein-suedlohn.de\/index.php\/ueber-suedlohn-und-oeding\/st-vitus-u-st-jakobus\/st-vitus-pfarrkirche-suedlohn\/kirchenschaetze\/\"><b><u>Gew\u00f6lbemalereien<\/u><\/b><\/a>. Gro\u00dfen Wert legte man bei der Freilegung auf die Erhaltung der Originalfarben. Die fig\u00fcrlichen Darstellungen sind die einzigen noch erhaltenen Malereien dieser Art im Kreis Borken und die umfangreichsten im ganzen M\u00fcnsterland.<\/div>\n<div><\/div>\n<div>Mit dem Abbruch der neugotischen Hoch \u2013 und Seitenalt\u00e4re, der Kommunionbank und der Chorgest\u00fchlaufbauten fiel 1961 fast die gesamte Ausstattung des sp\u00e4ten 19. Jahrhunderts der Neugestaltung des Kircheninnern zum Opfer. Teile des neugotischen Altars der St. Vitus Kirche wurden gerettet und auf Initiative des Heimatvereins S\u00fcdlohn restauriert und haben ihren Platz in der Pastorat gefunden. <b><u>Hier<\/u><\/b> lesen Sie die dazu erschienen Presseartikel.<\/div>\n<div><\/div>\n<div>Am 5. Juni 2006 wurde aufgrund von \u00c4nderungen der Strukturen (R\u00fcckgang der Priesterzahlunen und versch\u00e4rfte finanzielle Situation des Bistums) die Fusion mit St. Jakobus aus Oeding vollzogen. Die neue Kirchengemeinde tr\u00e4gt den Namen \u201eSt. Vitus und St. Jakobus\u201c<\/div>\n<div><\/div>\n<div>\n<table border=\"0\" cellspacing=\"0\" cellpadding=\"0\">\n<tbody>\n<tr>\n<td valign=\"top\" width=\"256\"><a title=\"Symbolische Schlie\u00dfung der alten Tauf-,Sterbe \u2013 und Eheregister durch Weihbischof Prof. Dr. Franz \u2013 Peter Tebartz \u2013 von Elst und Pfarrer Stefan Scho.\" href=\"http:\/\/www.heimatverein-suedlohn.de\/media\/ueber_suedlohn\/suedlohn_heute\/taufbecken_gr.jpg\" rel=\"lightbox\"><img loading=\"lazy\" decoding=\"async\" src=\"http:\/\/www.heimatverein-suedlohn.de\/media\/ueber_suedlohn\/suedlohn_heute\/taufbecken_kl.jpg\" alt=\"\" width=\"250\" height=\"334\" \/><br \/>\n<\/a><\/td>\n<td valign=\"top\" width=\"48\"><\/td>\n<td valign=\"top\" width=\"235\"><a title=\"\u201eDas Geb\u00e4ude des St. Vitus \u2013 Kirche mit seinem m\u00e4chtigen Glockenturm wacht \u00fcber S\u00fcdlohn und seine Bewohner. Die Kirche ist gute Stube und Mittelpunkt der Gemeinde, von hier aus haben sich Kirche und politische Gemeinde gut entwickelt\u201c ZITAT: Pfarrer Stefan Scho beim Festakt anl\u00e4sslich der 775 Jahr - Feier der Kirchengemeinde St. Vitus und der politischen Gemeinde.\" href=\"http:\/\/www.heimatverein-suedlohn.de\/media\/ueber_suedlohn\/suedlohn_heute\/kirche_gr.jpg\" rel=\"lightbox\"><img loading=\"lazy\" decoding=\"async\" src=\"http:\/\/www.heimatverein-suedlohn.de\/media\/ueber_suedlohn\/suedlohn_heute\/kirche_kl.jpg\" alt=\"\" width=\"250\" height=\"255\" \/><\/a><\/p>\n<div><\/div>\n<\/td>\n<\/tr>\n<tr>\n<td valign=\"top\" width=\"256\">\n<div>Symbolische Schlie\u00dfung der alten Tauf-,Sterbe \u2013 und Eheregister durch Weihbischof Prof. Dr. Franz \u2013 Peter Tebartz \u2013 von Elst und Pfarrer Stefan Scho.<\/div>\n<div>\n<h6><strong><strong>Foto: Tobias Kempkes<br \/>\n<\/strong><\/strong><\/h6>\n<\/div>\n<\/td>\n<td valign=\"top\" width=\"48\"><\/td>\n<td valign=\"top\" width=\"235\">\n<div>\u201eDas Geb\u00e4ude des St. Vitus \u2013 Kirche mit seinem m\u00e4chtigen Glockenturm wacht \u00fcber S\u00fcdlohn und seine Bewohner. Die Kirche ist gute Stube und Mittelpunkt der Gemeinde, von hier aus haben sich Kirche und politische Gemeinde gut entwickelt\u201c<\/div>\n<div><\/div>\n<div>ZITAT: Pfarrer Stefan Scho beim Festakt anl\u00e4sslich der 775 Jahr &#8211; Feier der Kirchengemeinde St. Vitus und der politischen Gemeinde.<\/div>\n<div>\n<h6><strong><strong>Foto: Manfred Schmeing<br \/>\n<\/strong><\/strong><\/h6>\n<\/div>\n<\/td>\n<\/tr>\n<\/tbody>\n<\/table>\n<\/div>\n<div><\/div>\n<div>Ein Gang durch die Pfarrkirche St. Vitus ist ein Gang durch die Jahrhunderte. Obschon die <a href=\"http:\/\/www.heimatverein-suedlohn.de\/index.php\/ueber-suedlohn-und-oeding\/st-vitus-u-st-jakobus\/st-vitus-pfarrkirche-suedlohn\/kirchenschaetze\/\"><b><u>Kirchensch\u00e4tze<\/u><\/b> <\/a>aus verschiedenen Epochen stammen, vereinigt sich die Ausstattung harmonisch mit dem Bauk\u00f6rper zu einem Gebetsraum, der zur Bewunderung und zur Andacht einl\u00e4dt.<\/div>\n<div><\/div>\n<div><img loading=\"lazy\" decoding=\"async\" src=\"http:\/\/www.heimatverein-suedlohn.de\/media\/ueber_suedlohn\/wiegbold\/vitus_heft.jpg\" alt=\"\" width=\"106\" height=\"150\" align=\"left\" hspace=\"10\" vspace=\"10\" \/><\/div>\n<div><\/div>\n<div>Quelle: <b>Abb. Brosch\u00fcre<\/b><\/div>\n<div><span style=\"font-size: 10px;\">Texte auszugsweise aus dem Heft 55 \u201eSt. Vitus in S\u00fcdlohn \u2013 WESTF\u00c4LISCHE KUNSTST\u00c4TTEN\u201c, herausgegeben vom Westf\u00e4lischen Heimatbund in Verbindung mit dem Westf\u00e4lischen Amt f\u00fcr Denkmalpflege und dem Heimatverein S\u00fcdlohn im Jahre 1989. <\/span><span style=\"font-size: 10px;\">ISSN 0930 \u2013 3952<\/span>. <span style=\"font-size: 10px;\">Diese Lekt\u00fcre empfehlen wir f\u00fcr fundierte weitergehende Informationen<\/span><\/div>\n<\/div><\/section>\n","protected":false},"excerpt":{"rendered":"","protected":false},"author":1,"featured_media":0,"parent":72,"menu_order":9,"comment_status":"closed","ping_status":"closed","template":"","meta":{"footnotes":""},"class_list":["post-70","page","type-page","status-publish","hentry"],"_links":{"self":[{"href":"http:\/\/www.heimatverein-suedlohn.de\/index.php\/wp-json\/wp\/v2\/pages\/70","targetHints":{"allow":["GET"]}}],"collection":[{"href":"http:\/\/www.heimatverein-suedlohn.de\/index.php\/wp-json\/wp\/v2\/pages"}],"about":[{"href":"http:\/\/www.heimatverein-suedlohn.de\/index.php\/wp-json\/wp\/v2\/types\/page"}],"author":[{"embeddable":true,"href":"http:\/\/www.heimatverein-suedlohn.de\/index.php\/wp-json\/wp\/v2\/users\/1"}],"replies":[{"embeddable":true,"href":"http:\/\/www.heimatverein-suedlohn.de\/index.php\/wp-json\/wp\/v2\/comments?post=70"}],"version-history":[{"count":4,"href":"http:\/\/www.heimatverein-suedlohn.de\/index.php\/wp-json\/wp\/v2\/pages\/70\/revisions"}],"predecessor-version":[{"id":7662,"href":"http:\/\/www.heimatverein-suedlohn.de\/index.php\/wp-json\/wp\/v2\/pages\/70\/revisions\/7662"}],"up":[{"embeddable":true,"href":"http:\/\/www.heimatverein-suedlohn.de\/index.php\/wp-json\/wp\/v2\/pages\/72"}],"wp:attachment":[{"href":"http:\/\/www.heimatverein-suedlohn.de\/index.php\/wp-json\/wp\/v2\/media?parent=70"}],"curies":[{"name":"wp","href":"https:\/\/api.w.org\/{rel}","templated":true}]}}