{"id":409,"date":"2016-05-24T11:28:17","date_gmt":"2016-05-24T09:28:17","guid":{"rendered":"http:\/\/www.heimatverein-suedlohn.de\/neu2016\/?page_id=409"},"modified":"2019-05-05T15:47:39","modified_gmt":"2019-05-05T13:47:39","slug":"veranstaltungen","status":"publish","type":"page","link":"http:\/\/www.heimatverein-suedlohn.de\/index.php\/aktuelles-termine\/heimatverein-suedlohn-e-v\/veranstaltungen\/","title":{"rendered":"Veranstaltungen"},"content":{"rendered":"<section  class='av_textblock_section av-950g9-4cd4c2a9ec0819ef75668b687f0a7dfe'  itemscope=\"itemscope\" itemtype=\"https:\/\/schema.org\/CreativeWork\" ><div class='avia_textblock'  itemprop=\"text\" ><p><!-- [if gte mso 9]><xml>\n<w:WordDocument>\n<w:View>Normal<\/w:View>\n<w:Zoom>0<\/w:Zoom>\n<w:HyphenationZone>21<\/w:HyphenationZone>\n<w:PunctuationKerning ><\/w:PunctuationKerning>\n<w:ValidateAgainstSchemas ><\/w:ValidateAgainstSchemas>\n<w:SaveIfXMLInvalid>false<\/w:SaveIfXMLInvalid>\n<w:IgnoreMixedContent>false<\/w:IgnoreMixedContent>\n<w:AlwaysShowPlaceholderText>false<\/w:AlwaysShowPlaceholderText>\n<w:Compatibility>\n<w:BreakWrappedTables ><\/w:BreakWrappedTables>\n<w:SnapToGridInCell ><\/w:SnapToGridInCell>\n<w:WrapTextWithPunct ><\/w:WrapTextWithPunct>\n<w:UseAsianBreakRules ><\/w:UseAsianBreakRules>\n<w:DontGrowAutofit ><\/w:DontGrowAutofit>\n<\/w:Compatibility>\n<w:BrowserLevel>MicrosoftInternetExplorer4<\/w:BrowserLevel>\n<\/w:WordDocument>\n<\/xml><![endif]--><!-- [if gte mso 9]><xml>\n<w:LatentStyles DefLockedState=\"false\" LatentStyleCount=\"156\">\n<\/w:LatentStyles>\n<\/xml><![endif]--><!-- [if gte mso 10]>\n\n\n\n\n\n<style>\n\/* Style Definitions *\/<br \/>table.MsoNormalTable<br \/>{mso-style-name:\"Normale Tabelle\";<br \/>mso-tstyle-rowband-size:0;<br \/>mso-tstyle-colband-size:0;<br \/>mso-style-noshow:yes;<br \/>mso-style-parent:\"\";<br \/>mso-padding-alt:0cm 5.4pt 0cm 5.4pt;<br \/>mso-para-margin:0cm;<br \/>mso-para-margin-bottom:.0001pt;<br \/>mso-pagination:widow-orphan;<br \/>font-size:10.0pt;<br \/>font-family:\"Times New Roman\";<br \/>mso-ansi-language:#0400;<br \/>mso-fareast-language:#0400;<br \/>mso-bidi-language:#0400;}<br \/><\/style>\n\n\n\n<![endif]--><\/p>\n<h2>Zum guten Schluss: Veranstaltungen und Aktivit\u00e4ten<\/h2>\n<p class=\"MsoNormal\">Eine F\u00fclle von Aktivit\u00e4ten und Veranstaltungen ist pr\u00e4gend f\u00fcr den Heimatverein S\u00fcdlohn. Die wichtigsten Informationen zu den verschiedenen Themen konnten Sie nachvollziehen. Sie kennen nun die Motivation der Aktiven im <b><a href=\"http:\/\/www.heimatverein-suedlohn.de\/index.php\/ueber-uns\/heimatverein-suedlohn-e-v\/vorstand\/\"><u>Vorstand<\/u><\/a>. <\/b>Unsere <a href=\"http:\/\/www.heimatverein-suedlohn.de\/media\/pdfs\/Satzung.pdf\" target=\"_blank\" rel=\"noopener noreferrer\"><b><u>Satzung<\/u> <\/b><\/a>ist Ihnen bekannt, ebenso wie die <a href=\"[wblink15]\"><b><u>Ziele<\/u><\/b><\/a>, die wir \u00fcberwiegend in unserer <a href=\"[wblink17]\"><b><u>Heimatstube<\/u><\/b> <\/a>planen und durchf\u00fchren.<\/p>\n<p class=\"MsoBodyText\">Die <a href=\"[wblink20]\"><b><u>Geschichte<\/u> <\/b><\/a>des Wiegboldes S\u00fcdlohn haben Sie kennen gelernt, auch <a href=\"[wblink21]\"><b><u>S\u00fcdlohn heute<\/u><\/b><\/a> mit den vielf\u00e4ltigen Angeboten des <a href=\"[wblink37]\"><b><u>Vereinslebens<\/u><\/b><\/a>. Vielleicht war f\u00fcr Sie ja auch interessant zu erfahren, welche <a href=\"[wblink25]\"><b><u>B\u00fcrgermeister<\/u><\/b> <\/a>und Tr\u00e4ger von <a href=\"[wblink53]\"><b><u>Verdienstorden<\/u><\/b> <\/a>unsere Heimatgemeinde hervorgebracht hat. <a href=\"[wblink22]\"><b><u>St. Vitus<\/u><\/b><\/a> mit den <a href=\"[wblink23]\"><b><u>Kirchensch\u00e4tzen<\/u><\/b> <\/a>sind Kleinode unserer Gemeinde, ebenso wie die evangelische <a href=\"[wblink57]\"><b><u>Johannes \u2013 Kirche<\/u><\/b><\/a> im Ortsteil Oeding. Unsere <a href=\"[wblink24]\"><b><u>Pfarrer<\/u><\/b> <\/a>haben das Gemeindeleben immer mitgepr\u00e4gt. Die <a href=\"[wblink28]\"><b><u>Friedh\u00f6fe<\/u><\/b> <\/a>in S\u00fcdlohn haben einen park\u00e4hnlichen Charakter, ebenso wie das <a href=\"[wblink56]\"><b><u>Ehrenmal<\/u><\/b><\/a>. Alte <a href=\"[wblink27]\"><b><u>Bildst\u00f6cke und Wegkreuze<\/u><\/b><\/a> zeugen von besonderer Fr\u00f6mmigkeit unserer Vorfahren.<span style=\"mso-spacerun: yes;\">\u00a0 <\/span>Ruhiges Land, weites Land, Bauernland: die Landschaft um S\u00fcdlohn ist von b\u00e4uerlicher Hochkultur gepr\u00e4gt. Herrschaftliche <a href=\"[wblink35]\"><b><u>Villen und Gutsh\u00e4user<\/u><\/b><\/a> sind in der <a href=\"[wblink54]\"><b><u>Denkmalliste<\/u><\/b> <\/a>der Gemeinde ebenso enthalten wie viele andere <a href=\"[wblink30]\"><b><u>historische Geb\u00e4ude<\/u><\/b><\/a>, angefangen von <a href=\"[wblink32]\"><b><u>Haus Lohn<\/u><\/b><\/a>,<span style=\"mso-spacerun: yes;\">\u00a0 <\/span><a href=\"[wblink34]\"><b><u>Haus Wilmers<\/u><\/b><\/a><span style=\"mso-spacerun: yes;\">\u00a0 <\/span>bis zur <a href=\"[wblink33]\"><b><u>Menke M\u00fchle<\/u><\/b><\/a>, die mit gro\u00dfem Aufwand von Maria Menke funktionsf\u00e4hig gehalten wird. Die M\u00fchle befindet sich in der Nachbarschaft Breuloenia, eine von 21. <a href=\"[wblink55]\"><b><u>Nachbarschaften<\/u><\/b> <\/a>in S\u00fcdlohn.<\/p>\n<p class=\"MsoBodyText\">Vor den beschrieben Hintergr\u00fcnden war es f\u00fcr uns interessant, den Film <a href=\"[wblink42]\"><b><u>775 Jahre S\u00fcdlohn<\/u><\/b><\/a> zu verwirklichen. Die <a href=\"[wblink38]\"><b><u>Jahresprogramme<\/u><\/b> <\/a>des Heimatvereins beinhalten immer wieder <a href=\"[wblink41]\"><b><u>Bildungsreisen<\/u><\/b><\/a>, unsere <a href=\"[wblink40]\"><b><u>Radtouren<\/u><\/b> <\/a>und Ausflugsfahrten f\u00fchren uns in die sch\u00f6ne Landschaft.<\/p>\n<p class=\"MsoBodyText\">Vielleicht haben Sie ja auch in unserem <a href=\"[wblink11]\"><b><u>Pressearchiv<\/u><\/b> <\/a>gest\u00f6bert, ein wahrer Schatz an Informationen, beginnend im Jahre 1887 bis in die Neuzeit.<\/p>\n<p class=\"MsoBodyText\">Das alles ist hoch interessant. Es gibt keinen Grund, nicht Mitglied des Heimatvereins zu sein. Mit 10,00 Euro Jahresbeitrag sind Sie dabei. Hier ist das <b><a href=\"http:\/\/www.heimatverein-suedlohn.de\/media\/pdfs\/HVAnmeldungneu.pdf\" target=\"_blank\" rel=\"noopener noreferrer\">Antragsformular<\/a>. <\/b>Herzlich Willkommen.<span style=\"font-size: 16.0pt; mso-bidi-font-size: 12.0pt;\"><br \/>\n<\/span><\/p>\n<h3><b>Was bringen Aktivit\u00e4ten und Veranstaltungen? Was bringt mir ein freiwilliges Engagement? <\/b><\/h3>\n<p class=\"MsoNormal\" style=\"text-align: justify;\"><i>Diese nachfolgenden Texte aus der Webseite <a href=\"http:\/\/www.engagiert-in-deutschland.de\/\">www.engagiert-in-deutschland.de<\/a> stehen sinngem\u00e4\u00df f\u00fcr alle S\u00fcdlohner Vereine und Verb\u00e4nde. Egal ob Kirche, Sport, Musik, Feuerwehr, F\u00f6rdervereine oder Heimatverein.<span style=\"mso-spacerun: yes;\">\u00a0 <\/span><\/i><\/p>\n<h3><b>Spa\u00df und Erf\u00fcllung<\/b><\/h3>\n<p class=\"MsoBodyText\">Freiwillig etwas f\u00fcr andere tun \u2013 das macht Laune. Vor allem, wenn es im Team passiert. Egal in welchen Bereichen Sie sich engagieren: Ihre Aufgabe macht Sinn. Sie bewegen sich und andere und setzen damit ein starkes Zeichen der Solidarit\u00e4t. Auch wenn Sie bei ihrer T\u00e4tigkeit immer wieder auf Herausforderungen sto\u00dfen: Leistungsdruck und Stress haben hier nichts zu suchen.<\/p>\n<h3>Weitblick und Entwicklung<\/h3>\n<p class=\"MsoBodyText\">Mit Ihrem Engagement sind Sie mittendrin, statt au\u00dfen vor. Das ist nicht immer einfach, doch es er\u00f6ffnet Ihnen Perspektiven und pr\u00e4gt das Miteinander in unserer Gesellschaft. Sie schauen nicht mehr weg, sondern packen mit an. Dabei werden Sie viel lernen, neue F\u00e4higkeiten entdecken und sich pers\u00f6nlich weiterentwickeln.<\/p>\n<h3>Neue Freundschaften<\/h3>\n<p class=\"MsoNormal\">Bei einem Engagement haben Sie meistens mit Menschen zu tun. Sie lernen andere kennen. Sie arbeiten mit Fachleuten zusammen, von deren Know \u2013 how Sie profitieren k\u00f6nnen. Diese werden Sie zum Lachen, Staunen, Nachdenken und manchmal auch zum Weinen bringen. Es sind Menschen, die sich freuen, dass Sie die Zeit mit ihnen verbringen.<\/p>\n<h3>Verantwortung und Kreativit\u00e4t<\/h3>\n<p class=\"MsoNormal\">Viele Angebote von Organisationen, Vereinen und Verb\u00e4nden erhalten durch den Einsatz von Freiwilligen eine besondere Qualit\u00e4t. Reine Handlanger sind hier nicht gefragt. Es gilt: Haben Sie sich f\u00fcr eine Aufgabe entschieden, sind Sie gefordert. \u00dcbernehmen Sie Verantwortung f\u00fcr diesen Bereich und bringen Sie sich mit ihren Ideen und Kompetenzen ein.<\/p>\n<p class=\"MsoNormal\"><b>Quelle: <\/b><\/p>\n<p class=\"MsoNormal\">auszugsweise aus <a href=\"http:\/\/www.engagiert-in-deutschland.de\/\">www.engagiert-in-deutschland.de<\/a><\/p>\n<\/div><\/section>\n","protected":false},"excerpt":{"rendered":"","protected":false},"author":1,"featured_media":0,"parent":372,"menu_order":7,"comment_status":"closed","ping_status":"closed","template":"","meta":{"footnotes":""},"class_list":["post-409","page","type-page","status-publish","hentry"],"_links":{"self":[{"href":"http:\/\/www.heimatverein-suedlohn.de\/index.php\/wp-json\/wp\/v2\/pages\/409","targetHints":{"allow":["GET"]}}],"collection":[{"href":"http:\/\/www.heimatverein-suedlohn.de\/index.php\/wp-json\/wp\/v2\/pages"}],"about":[{"href":"http:\/\/www.heimatverein-suedlohn.de\/index.php\/wp-json\/wp\/v2\/types\/page"}],"author":[{"embeddable":true,"href":"http:\/\/www.heimatverein-suedlohn.de\/index.php\/wp-json\/wp\/v2\/users\/1"}],"replies":[{"embeddable":true,"href":"http:\/\/www.heimatverein-suedlohn.de\/index.php\/wp-json\/wp\/v2\/comments?post=409"}],"version-history":[{"count":3,"href":"http:\/\/www.heimatverein-suedlohn.de\/index.php\/wp-json\/wp\/v2\/pages\/409\/revisions"}],"predecessor-version":[{"id":4907,"href":"http:\/\/www.heimatverein-suedlohn.de\/index.php\/wp-json\/wp\/v2\/pages\/409\/revisions\/4907"}],"up":[{"embeddable":true,"href":"http:\/\/www.heimatverein-suedlohn.de\/index.php\/wp-json\/wp\/v2\/pages\/372"}],"wp:attachment":[{"href":"http:\/\/www.heimatverein-suedlohn.de\/index.php\/wp-json\/wp\/v2\/media?parent=409"}],"curies":[{"name":"wp","href":"https:\/\/api.w.org\/{rel}","templated":true}]}}