{"id":191,"date":"2016-05-19T10:07:02","date_gmt":"2016-05-19T08:07:02","guid":{"rendered":"http:\/\/www.heimatverein-suedlohn.de\/neu2016\/?page_id=191"},"modified":"2023-04-08T21:02:32","modified_gmt":"2023-04-08T19:02:32","slug":"pater-elpidius-markoetter","status":"publish","type":"page","link":"http:\/\/www.heimatverein-suedlohn.de\/index.php\/ueber-suedlohn\/friedhoefe-gedenksteine\/pater-elpidius-markoetter\/","title":{"rendered":"Pater Elpidius Mark\u00f6tter"},"content":{"rendered":"<section  class='av_textblock_section av-opt3-0fcd20b84d7d503af9d1bb3a50e45deb'  itemscope=\"itemscope\" itemtype=\"https:\/\/schema.org\/CreativeWork\" ><div class='avia_textblock'  itemprop=\"text\" ><h2>\u00dcber den S\u00fcdlohner Franziskanerpater Elpidius Mark\u00f6tter<\/h2>\n<p style=\"text-align: justify;\">\u00dcber\u00a06 Millionen Juden wurden von den Nationalsozialisten deportiert, verschleppt und ermordet. Das schw\u00e4rzeste Kapitel deutscher Geschichte endete mit der bedingungslosen Kapitulation der Wehrmacht am 8. Mai 1945. \u00dcber das Schicksal der Juden berichten wir in der Rubrik <a href=\"http:\/\/www.heimatverein-suedlohn.de\/index.php\/ueber-suedlohn-und-oeding\/friedhoefe-gedenksteine\/friedhoefegedenksteine-suedlohn\/\">&#8222;Friedh\u00f6fe \/ Gedenksteine&#8220;. <\/a><\/p>\n<p style=\"text-align: justify;\"><a title=\"Pater Elpidius Mark\u00f6tter\" href=\"http:\/\/www.heimatverein-suedlohn.de\/media\/ueber_suedlohn\/friedhof_ehrenmal\/205_P_Elpidiusgr.jpg\"><img loading=\"lazy\" decoding=\"async\" class=\"alignleft\" title=\"Pater Elpidius Mark\u00f6tter\" src=\"http:\/\/www.heimatverein-suedlohn.de\/media\/ueber_suedlohn\/friedhof_ehrenmal\/205_P_Elpidiusgr.jpg\" alt=\"Pater Elpidius Mark\u00f6tter\" width=\"233\" height=\"355\" align=\"left\" hspace=\"20\" vspace=\"20\" \/><\/a><\/p>\n<p class=\"MsoBodyText\" style=\"text-align: justify;\">Aber nicht nur die j\u00fcdische Bev\u00f6lkerung litt unter der Herrschaft der Nationalsozialisten. Auch die christlichen Glaubensgemeinschaften wurden bedr\u00e4ngt und verfolgt. Der am 8. Oktober 1911 in S\u00fcdlohn geborene Franziskanerpater Josef Mark\u00f6tter (Pater Elpidius PFM Obs)<span style=\"mso-spacerun: yes;\">\u00a0 <\/span>wurde wegen einer am 26. Mai 1940 in der Klosterkirche in Warendorf gehaltenen Predigt ins KZ Dachau verschleppt. In der Predigt zu einem Vers aus dem Neuen Testament (<i>Jeder, der seinen Bruder hasst, ist ein Menschenm\u00f6rder\u201c, <\/i>1 Joh. <span style=\"mso-spacerun: yes;\">\u00a0<\/span>3-15), hatte er in das christliche Liebesgebot auch Kriegsgegner und Juden eingeschlossen. Am 28. Juni 1942 starb er in Dachau an den Folgen der im Lager erlittenen Entbehrungen. Die Lebensgeschichte:<\/p>\n<p class=\"MsoBodyText\" style=\"text-align: justify;\">Pater Elpidius Mark\u00f6tter wurde geboren am 8. Oktober 1911 in S\u00fcdlohn. Der Vater war Beamter. Er besuchte das Gymnasium St. Ludwig in Vlodrop, Niederlande und studierte an den Ordenshochschulen in Dorsten und Paderborn.<\/p>\n<p class=\"MsoBodyText\" style=\"text-align: justify;\">Die Priesterweihe empf\u00e4ngt er am 26. M\u00e4rz 1939 in Paderborn. Mitte Januar 1940 wird Pater Elpidius zur Ausbildung der Novizen in das Kloster Warendorf versetzt, wo er auch in der Seelsorge t\u00e4tig ist. Am 26. Mai 1940 h\u00e4lt er in der Klosterkirche in Warendorf die Fr\u00fchmesse. In seiner Kurzpredigt spricht er \u00fcber das allumfassende Liebesgebot. In den Mittelpunkt stellt er einen Vers aus dem Neuen Testament: &#8222;Jeder der seinen Bruder hasst, ist ein Menschenm\u00f6rder, und ihr wisst, dass kein Menschenm\u00f6rder ewiges Leben als dauernden Besitz hat.&#8220; (1. Johannesbrief Vers\u00a03-15). Am 4. Juni 1940 wird er aufgrunde seiner Predigtworte verhaftet. Am 15. Juni 1940 wird der Pater dem Amtsrichter vorgef\u00fchrt. Auf Anordnung der Gestapo (Geheime Staatspolizei) bleibt er weiterhin in &#8222;Schutzhaft&#8220; und wird nach M\u00fcnster verlegt. Am 1. November 1940 tagt in Warendorf das Sondergericht in Sachen Elpidius Mark\u00f6tter. Immer wieder stellt er in dieser Verhandlung seine christliche, moralische Verantwortung in den Vordergrund. Nach Anrechnung der Untersuchungshaft wird er als freier Mann entlassen. Trotzdem wird er von der Gestapo wieder verhaftet.<\/p>\n<p class=\"MsoBodyText\" style=\"text-align: justify;\">Am 13. Januar 1941 bringt man ihn mit einem Gefangenentransport nach Sachsenhausen bei Oranienburg. Dort erlebte er eine schwere Zeit aber auch viel Anerkennung bei seinen Mitgefangenen. Im September 1941 wird er nach Dachau \u00fcberf\u00fchrt, wo er am 26. September eintrifft. Anfang 1942 erkrankte er schwer. Zu diesem Zeitpunkt wiegt er nur noch 40 kg. Trotzdem wird er zur Mitarbeit beim Bau von H\u00e4usern eingeteilt. Hier erleidet er schwerste Verletzungen. Seine Kr\u00e4fte schwinden immer mehr. Am 28. Juni 1942 wird er mit schweren Magenschmerzen in die Krankenstation gebracht. In den Abendstunden des Sonntags stirbt Pater Elpidius Mark\u00f6tter mit den Sterbesakramenten versehen in der Dachauer Haft. Sein Leichnam wird im Dachauer Krematorium einge\u00e4schert. Sein Grab befindet sich in der Klosteranlage in Warendorf.<\/p>\n<p class=\"MsoBodyText\" style=\"text-align: justify;\">(Quelle: Kirche + Leben 2. Oktober 2011 &#8211; Nr. 39)<\/p>\n<h2>Dokumente der Zeitgeschichte<\/h2>\n<h6><em><span style=\"font-size: 14px;\">Quelle: Ulrich S\u00f6bbing, Gemeindearchiv S\u00fcdlohn mit freundlicher Genehmigung vom Neffen Hermann Schmitz, der den Nachlass von Pater Elpidus Mark\u00f6tter verwaltet.<\/span><\/em><\/h6>\n<p>Am 22. M\u00e4rz 1933, wenige Wochen nachdem Adolf Hitler zum Reichskanzler ernannt worden war, wurde in Dachau ein Konzentrationslager (KZ) f\u00fcr politische Gefangene eingerichtet. Es diente als Modell f\u00fcr alle sp\u00e4teren Konzentrationslager und als &#8222;Schule der Gewalt&#8220; f\u00fcr die M\u00e4nner der SS, unter deren Herrschaft es stand. In den zw\u00f6lf Jahren seines Bestehens waren \u00fcber 200.000 Menschen inhaftiert. 41.500 wurden ermordet. Am 29. April 1945 befreiten amerikanische Truppen die \u00dcberlebenden.<br \/>\n<a href=\"http:\/\/www.kz-gedenkstaette-dachau.de\" target=\"_blank\" rel=\"noopener noreferrer\">www.kz-gedenkstaette-dachau.de<\/a><\/p>\n<table style=\"width: 794px; height: 295px;\" border=\"0\" cellspacing=\"0\" cellpadding=\"0\">\n<tbody>\n<tr>\n<td valign=\"top\" width=\"209\"><a href=\"http:\/\/www.heimatverein-suedlohn.de\/media\/ueber_suedlohn\/friedhof_ehrenmal\/markoetter\/brief_seite_1_gr.jpg\"><img loading=\"lazy\" decoding=\"async\" class=\"alignleft\" src=\"http:\/\/www.heimatverein-suedlohn.de\/media\/ueber_suedlohn\/friedhof_ehrenmal\/markoetter\/brief_seite_1_kl.jpg\" alt=\"\" width=\"345\" height=\"250\" hspace=\"20\" vspace=\"20\" \/><\/a><\/td>\n<td valign=\"top\" width=\"17\"><\/td>\n<td valign=\"top\" width=\"497\"><a href=\"http:\/\/www.heimatverein-suedlohn.de\/media\/ueber_suedlohn\/friedhof_ehrenmal\/markoetter\/brief_seite_2_gr.jpg\"><img loading=\"lazy\" decoding=\"async\" class=\"alignleft\" src=\"http:\/\/www.heimatverein-suedlohn.de\/media\/ueber_suedlohn\/friedhof_ehrenmal\/markoetter\/brief_seite_2_kl.jpg\" alt=\"\" width=\"345\" height=\"250\" hspace=\"20\" vspace=\"20\" \/><\/a><\/td>\n<\/tr>\n<\/tbody>\n<\/table>\n<p class=\"MsoBodyText\" style=\"text-align: justify;\">\u00a0Am 13. Juni 1942 schrieb Pater Elpidius Mark\u00f6tter seinen letzten Brief an seine Eltern und Geschwister. Der Inhalt des Briefes zeigt die tiefe Verbundenheit zu seinem Heimatort S\u00fcdlohn. Gleichzeitig wird deutlich, dass Pater Elpidius Mark\u00f6tter keine negativen Kommentare \u00fcber die Zust\u00e4nde im Konzentrationslager Dachau gibt. Die bestehende Zensur h\u00e4tte das auch nicht zugelassen. M\u00f6glicherweise wollte er seinen Eltern und Geschwister auch keinen Grund zur Sorge geben.<\/p>\n<p class=\"MsoBodyText\" style=\"text-align: justify;\">Der Brief ist in &#8222;S\u00fctterlinschrift&#8220; verfasst. Diese von dem Berliner Grafiker L. S\u00fctterlin geschaffene Schreibschrift (im Volksmund &#8222;deutsche Schrift&#8220;) wurde von 1915 bis etwa 1940 in deutschen Schulen gelehrt. (<a href=\"http:\/\/www.suetterlinschrift.de\">www.suetterlinschrift.de<\/a>) Hier f\u00fcr die interessierten Leser die &#8222;\u00dcbersetzung&#8220; in unserer heutigen Schreibschrift und Maschinenschrift.<\/p>\n<table border=\"0\" cellspacing=\"0\" cellpadding=\"0\">\n<tbody>\n<tr>\n<td valign=\"top\" width=\"393\"><a href=\"http:\/\/www.heimatverein-suedlohn.de\/media\/ueber_suedlohn\/friedhof_ehrenmal\/markoetter\/Elpidius%201942-06-13.pdf\" target=\"_blank\" rel=\"noopener\"><img loading=\"lazy\" decoding=\"async\" src=\"http:\/\/www.heimatverein-suedlohn.de\/media\/ueber_suedlohn\/friedhof_ehrenmal\/markoetter\/abschrift.jpg\" alt=\"\" width=\"248\" height=\"350\" hspace=\"20\" vspace=\"20\" \/><br \/>\n<img loading=\"lazy\" decoding=\"async\" src=\"http:\/\/www.heimatverein-suedlohn.de\/media\/pdficon.gif\" alt=\"\" width=\"30\" height=\"28\" \/><\/a>\u00a0<a href=\"http:\/\/www.heimatverein-suedlohn.de\/media\/ueber_suedlohn\/friedhof_ehrenmal\/markoetter\/Elpidius%201942-06-13.pdf\" target=\"_blank\" rel=\"noopener\">Abschrift des Briefes (Schreibschrift)<br \/>\n<\/a><\/td>\n<td valign=\"top\" width=\"10\"><\/td>\n<td valign=\"top\" width=\"399\"><a href=\"http:\/\/www.heimatverein-suedlohn.de\/media\/ueber_suedlohn\/friedhof_ehrenmal\/markoetter\/brief_Elpidius.pdf\" target=\"_blank\" rel=\"noopener\"><img loading=\"lazy\" decoding=\"async\" src=\"http:\/\/www.heimatverein-suedlohn.de\/media\/ueber_suedlohn\/friedhof_ehrenmal\/markoetter\/brief_Elpidius.jpg\" alt=\"\" width=\"225\" height=\"350\" hspace=\"20\" vspace=\"20\" \/><br \/>\n<\/a><a href=\"http:\/\/www.heimatverein-suedlohn.de\/media\/ueber_suedlohn\/friedhof_ehrenmal\/markoetter\/Elpidius%201942-06-13.pdf\" target=\"_blank\" rel=\"noopener\"><img loading=\"lazy\" decoding=\"async\" src=\"http:\/\/www.heimatverein-suedlohn.de\/media\/pdficon.gif\" alt=\"\" width=\"30\" height=\"28\" \/><\/a>\u00a0<a href=\"http:\/\/www.heimatverein-suedlohn.de\/media\/ueber_suedlohn\/friedhof_ehrenmal\/markoetter\/brief_Elpidius.pdf\" target=\"_blank\" rel=\"noopener\">Abschrift des Briefes (Maschinenschrift)<\/a><a href=\"http:\/\/www.heimatverein-suedlohn.de\/media\/ueber_suedlohn\/friedhof_ehrenmal\/markoetter\/brief_Elpidius.pdf\" target=\"_blank\" rel=\"noopener\"><br \/>\n<\/a><\/td>\n<\/tr>\n<\/tbody>\n<\/table>\n<table style=\"width: 815px; height: 419px;\" border=\"0\" cellspacing=\"0\" cellpadding=\"0\">\n<tbody>\n<tr>\n<td valign=\"top\" width=\"209\"><a title=\"Das unmenschliche System der Konzentrationslager im \" href=\"http:\/\/www.heimatverein-suedlohn.de\/media\/ueber_suedlohn\/friedhof_ehrenmal\/markoetter\/telegramm_3_gr.jpg\"><img loading=\"lazy\" decoding=\"async\" class=\"alignleft\" src=\"http:\/\/www.heimatverein-suedlohn.de\/media\/ueber_suedlohn\/friedhof_ehrenmal\/markoetter\/telegramm_3_kl.jpg\" alt=\"\" width=\"355\" height=\"250\" hspace=\"20\" vspace=\"20\" \/><\/a><\/td>\n<td valign=\"top\" width=\"17\"><\/td>\n<td valign=\"middle\" width=\"497\">Das unmenschliche System der Konzentrationslager im &#8222;dritten Reich&#8220; gab pr\u00e4zise Anweisungen f\u00fcr den Schriftverkehr mit Gefangenen.<\/td>\n<\/tr>\n<tr>\n<td valign=\"top\" width=\"209\"><a title=\"Das unmenschliche System der Konzentrationslager im \" href=\"http:\/\/www.heimatverein-suedlohn.de\/media\/ueber_suedlohn\/friedhof_ehrenmal\/markoetter\/telegramm_2_gr.jpg\"><img loading=\"lazy\" decoding=\"async\" class=\"alignleft\" src=\"http:\/\/www.heimatverein-suedlohn.de\/media\/ueber_suedlohn\/friedhof_ehrenmal\/markoetter\/telegramm_2_kl.jpg\" alt=\"\" width=\"355\" height=\"250\" hspace=\"20\" vspace=\"20\" \/><br \/>\n<\/a><a title=\"Das unmenschliche System der Konzentrationslager im \" href=\"http:\/\/www.heimatverein-suedlohn.de\/media\/ueber_suedlohn\/friedhof_ehrenmal\/markoetter\/telegramm_1_gr.jpg\"><img loading=\"lazy\" decoding=\"async\" class=\"alignleft\" src=\"http:\/\/www.heimatverein-suedlohn.de\/media\/ueber_suedlohn\/friedhof_ehrenmal\/markoetter\/telegramm_1_kl.jpg\" alt=\"\" width=\"355\" height=\"250\" hspace=\"20\" vspace=\"20\" \/><\/a><a title=\"Das unmenschliche System der Konzentrationslager im \" href=\"http:\/\/www.heimatverein-suedlohn.de\/media\/ueber_suedlohn\/friedhof_ehrenmal\/markoetter\/telegramm_2_gr.jpg\"><br \/>\n<\/a><\/td>\n<td valign=\"top\" width=\"17\"><\/td>\n<td style=\"text-align: center;\" valign=\"top\" width=\"497\">\u00a0<a href=\"http:\/\/www.heimatverein-suedlohn.de\/media\/ueber_suedlohn\/friedhof_ehrenmal\/markoetter\/telegramm_Elpidius.pdf\" target=\"_blank\" rel=\"noopener\"><img loading=\"lazy\" decoding=\"async\" src=\"http:\/\/www.heimatverein-suedlohn.de\/media\/ueber_suedlohn\/friedhof_ehrenmal\/markoetter\/telegramm_Elpidius.jpg\" alt=\"\" width=\"289\" height=\"300\" align=\"top\" \/><br \/>\n<\/a><a href=\"http:\/\/www.heimatverein-suedlohn.de\/media\/ueber_suedlohn\/friedhof_ehrenmal\/markoetter\/telegramm_Elpidius.pdf\" target=\"_blank\" rel=\"noopener\"><br \/>\n<img loading=\"lazy\" decoding=\"async\" src=\"http:\/\/www.heimatverein-suedlohn.de\/media\/pdficon.gif\" alt=\"\" width=\"30\" height=\"28\" \/> <\/a><a href=\"http:\/\/www.heimatverein-suedlohn.de\/media\/ueber_suedlohn\/friedhof_ehrenmal\/markoetter\/telegramm_Elpidius.pdf\" target=\"_blank\" rel=\"noopener\">Abschrift des Telegrammes<\/a><\/td>\n<\/tr>\n<\/tbody>\n<\/table>\n<p class=\"MsoBodyText\" style=\"text-align: justify;\">\u00a0Der Telegrammtext zeigt die ganze Menschenverachtung des Systems. Die Angeh\u00f6rigen werden aufgefordert, innerhalb 24 Stunden Mitteilung zu machen, ob Leichenbesichtigung erw\u00fcnscht ist. Das war gar nicht m\u00f6glich. Nach dem Telegramm ist Pater Elpidus Mark\u00f6tter gestorben am 28. Juni 1942, das Telegramm wurde abgesendet am 30. Juni 1942. Unterzeichnet wurde das Telegramm vom SS Obersturmf\u00fchrer Hofmann, er zeichnete sich durch H\u00e4rte und Brutalit\u00e4t aus, ganz im Sinne des in der SS herrschenden Geistes. Nach dem Krieg tauchte Hofmann unter mit einer falschen Identit\u00e4t. Seine Verhaftung wegen der in Dachau begangenen Straftaten erfolgte am 16. April 1959. Er wurde 1961 wegen Mordes zu lebenslangem Zuchthaus verurteilt. Im ersten Auschwitzprozess am 10. August 1965 wurde er vom Landgericht Frankfurt nochmals zu lebenslanger Haft verurteilt. Hofmann verstarb im August 1973 in Strafhaft. (Quelle: Wikipedia)<\/p>\n<h2>Die Heimatgemeinde erinnert an Pater Elpidius Mark\u00f6tter<\/h2>\n<p>Die Gemeinde S\u00fcdlohn, die Kirchengemeinde St. Vitus und die Einwohner haben Pater Elpidis Mark\u00f6tter nicht vergessen. Die Stra\u00dfe &#8222;Elpidiusstra\u00dfe&#8220;, der &#8222;Elpidiusstein&#8220; und der &#8222;Stolperstein&#8220; vor dem Elternhaus in der Doornte erinnern an den Sohn der Gemeinde.<\/p>\n<table border=\"0\" cellspacing=\"0\" cellpadding=\"0\">\n<tbody>\n<tr>\n<td valign=\"top\" width=\"240\"><a title=\"Elpidiusstein\" href=\"http:\/\/www.heimatverein-suedlohn.de\/media\/ueber_suedlohn\/friedhof_ehrenmal\/Elpidiusstein005BBgr.jpg\"><img loading=\"lazy\" decoding=\"async\" class=\"alignleft\" src=\"http:\/\/www.heimatverein-suedlohn.de\/media\/ueber_suedlohn\/friedhof_ehrenmal\/Elpidiusstein005BB.jpg\" alt=\"\" width=\"200\" height=\"150\" hspace=\"20\" vspace=\"20\" \/><\/a><\/td>\n<td valign=\"top\" width=\"22\"><\/td>\n<td valign=\"top\" width=\"562\">\n<h3 style=\"text-align: left;\">Elpidiusstein<\/h3>\n<p>Der Elpidiusstein an der Elpidiusstra\u00dfe erinnert an Pater Elpidius Mark\u00f6tter<\/td>\n<\/tr>\n<tr>\n<td style=\"text-align: center;\" valign=\"top\" width=\"240\"><a href=\"http:\/\/www.heimatverein-suedlohn.de\/media\/ueber_suedlohn\/friedhof_ehrenmal\/Elpidiusstein005BBgr.jpg\">\u00a0<\/a><\/td>\n<td valign=\"top\" width=\"22\"><\/td>\n<td style=\"text-align: center;\" valign=\"top\" width=\"562\"><a href=\"http:\/\/www.heimatverein-suedlohn.de\/media\/ueber_suedlohn\/friedhof_ehrenmal\/Stolpersteine014BBXgr.jpg\">\u00a0<\/a><\/td>\n<\/tr>\n<tr>\n<td valign=\"top\" width=\"240\"><a title=\"Der S\u00fcdlohner Franziskanerpater Elpidius, Josef Mark\u00f6tter, wurde am 4. Juni 1940 in Warendorf von der Gestapo verhaftet, weil er in einer Predigt auch die Juden in das christliche Liebesgebot mit eingeschlossen hatte. Er starb am 28. Juni 1942 im Konzentrationslager Dachau an den w\u00e4hrend der Haft erlittenen Entbehrungen. \" href=\"http:\/\/www.heimatverein-suedlohn.de\/media\/ueber_suedlohn\/friedhof_ehrenmal\/Stolpersteine014BBXgr.jpg\"><img loading=\"lazy\" decoding=\"async\" class=\"alignleft\" src=\"http:\/\/www.heimatverein-suedlohn.de\/media\/ueber_suedlohn\/friedhof_ehrenmal\/Stolpersteine014BBX.jpg\" alt=\"\" width=\"200\" height=\"150\" hspace=\"20\" vspace=\"20\" \/><\/a><\/td>\n<td valign=\"top\" width=\"22\"><\/td>\n<td valign=\"top\" width=\"562\">\n<h3 style=\"text-align: left;\">Stolpersteine<\/h3>\n<p style=\"text-align: left;\">Auch der vor dem Elternhaus an der Doornte verlegte Stolperstein erinnert an Pater Elpidius Mark\u00f6tter<\/p>\n<\/td>\n<\/tr>\n<tr>\n<td valign=\"top\" width=\"240\"><a title=\"\" href=\"http:\/\/www.heimatverein-suedlohn.de\/media\/ueber_suedlohn\/friedhof_ehrenmal\/elpidiusstrasse.jpg\" name=\"\"><img loading=\"lazy\" decoding=\"async\" class=\"alignleft\" style=\"width: 229px; height: 78px;\" src=\"http:\/\/www.heimatverein-suedlohn.de\/media\/ueber_suedlohn\/friedhof_ehrenmal\/elpidiusstrasse.jpg\" alt=\"\" width=\"600\" height=\"205\" \/><\/a><\/td>\n<td valign=\"top\" width=\"22\"><\/td>\n<td valign=\"top\" width=\"562\">Die Gemeinde hat in unmittelbarer N\u00e4he des Elternhauses von Pater Elpidius Mark\u00f6tter eine Stra\u00dfe nach ihm benannt und tr\u00e4gt auch so dazu bei, dass der Name nicht in Vergessenheit ger\u00e4t.<\/td>\n<\/tr>\n<tr>\n<td valign=\"top\" width=\"240\"><\/td>\n<td valign=\"top\" width=\"22\"><\/td>\n<td valign=\"top\" width=\"562\"><\/td>\n<\/tr>\n<\/tbody>\n<\/table>\n<p style=\"text-align: justify;\">In der Pfarrkirche St. Vitus zu S\u00fcdlohn wurde am 8. Oktober 2011 anl\u00e4sslich des 100. Geburtstages von Pater Elpidius Mark\u00f6tter ein festlicher Gottesdienst gefeiert und an das Wirken des Franziskanerpaters erinnert. Lesen Sie hier den dazugeh\u00f6rigen Artikel der M\u00fcnsterland &#8211; Zeitung vom 6. Oktober 2011 unter dem Titel: &#8222;Pater Elpidius gedenken&#8220;.<\/p>\n<table style=\"width: 731px; height: 130px;\" border=\"0\" cellspacing=\"0\" cellpadding=\"0\">\n<tbody>\n<tr>\n<td valign=\"top\" width=\"204\">\n<p style=\"text-align: center;\"><a href=\"http:\/\/www.heimatverein-suedlohn.de\/media\/pressearchiv_repros\/20111006.pdf\" target=\"_blank\" rel=\"noopener\"><img loading=\"lazy\" decoding=\"async\" class=\"alignnone\" src=\"http:\/\/www.heimatverein-suedlohn.de\/media\/ueber_suedlohn\/friedhof_ehrenmal\/20111006.jpg\" alt=\"\" width=\"92\" height=\"150\" hspace=\"20\" \/><\/a><br \/>\nZeitungsausschnitt vom<br \/>\n06.10.2011<\/p>\n<\/td>\n<td valign=\"top\" width=\"5\"><\/td>\n<td valign=\"middle\" width=\"514\">\n<p style=\"margin-bottom: 0cm;\" align=\"JUSTIFY\"><b>Pater Elpidius gedenken<\/b><\/p>\n<p style=\"margin-bottom: 0cm;\" align=\"JUSTIFY\">S\u00fcdlohner starb 19422 im KZ Dachau \/ Vor 100 Jahren in S\u00fcdlohn geboren.<\/p>\n<\/td>\n<\/tr>\n<\/tbody>\n<\/table>\n<p>Nach dem feierlichen Gottesdienst referierte Professor Dr. Wilhelm Damberg im \u00fcberf\u00fcllten Wiegboldsaal des Hauses Wilmers zum Thema &#8222;Die katholische Kirche und die Juden im Dritten Reich&#8220;. Dr. Wilhelm Damberg ist Professor f\u00fcr Kirchengeschichte an der Ruhr &#8211; Universit\u00e4t in Bochum und Vorsitzender der Wissenschaftlichen Kommission f\u00fcr Zeitgeschichte in Bonn. Lesen Sie hier den dazu erschienen Pressebericht der M\u00fcnsterland &#8211; Zeitung vom 11. Oktober 2011 unter dem Titel: &#8222;Gest\u00f6rter Dialog&#8220;.<\/p>\n<table border=\"0\" cellspacing=\"0\" cellpadding=\"0\">\n<tbody>\n<tr>\n<td valign=\"top\" width=\"203\">\n<p style=\"text-align: center;\"><a href=\"http:\/\/www.heimatverein-suedlohn.de\/media\/pressearchiv_repros\/20111011.pdf\" target=\"_blank\" rel=\"noopener\"><img loading=\"lazy\" decoding=\"async\" src=\"http:\/\/www.heimatverein-suedlohn.de\/media\/ueber_suedlohn\/friedhof_ehrenmal\/20111011.jpg\" alt=\"\" width=\"163\" height=\"150\" align=\"left\" hspace=\"20\" \/><\/a><br \/>\nZeitungsausschnitt vom<br \/>\n11.10.2011<\/p>\n<\/td>\n<td valign=\"top\" width=\"11\"><\/td>\n<td valign=\"middle\" width=\"547\">Der Vortrag von Herrn Professor Dr. Damberg wurde in der Bev\u00f6lkerung lebhaft diskutiert. Warum? Weil nach Jahrzehnten deutlich wurde, welchen Stellenwert der S\u00fcdlohner Franziskanerpater Elpidius Mark\u00f6tter einnimmt.<\/p>\n<p><a href=\"http:\/\/www.heimatverein-suedlohn.de\/media\/pressearchiv_repros\/manuskript_professor_damberg.pdf\" target=\"_blank\" rel=\"noopener\"><img loading=\"lazy\" decoding=\"async\" src=\"http:\/\/www.heimatverein-suedlohn.de\/media\/pdficon.gif\" alt=\"\" width=\"30\" height=\"28\" \/> Download Manuskript von Prof. Dr. Wilhelm Damberg<\/a><\/td>\n<\/tr>\n<\/tbody>\n<\/table>\n<table>\n<tbody>\n<tr>\n<td><a href=\"http:\/\/www.heimatverein-suedlohn.de\/wp-content\/uploads\/2020\/11\/K%C3%B6nig-aller-Rassen.pdf\"><img loading=\"lazy\" decoding=\"async\" class=\"alignnone wp-image-6154\" src=\"http:\/\/www.heimatverein-suedlohn.de\/wp-content\/uploads\/2020\/11\/K\u00f6nig-aller-Rassen-174x300.jpg\" alt=\"\" width=\"90\" height=\"155\" srcset=\"http:\/\/www.heimatverein-suedlohn.de\/wp-content\/uploads\/2020\/11\/K\u00f6nig-aller-Rassen-174x300.jpg 174w, http:\/\/www.heimatverein-suedlohn.de\/wp-content\/uploads\/2020\/11\/K\u00f6nig-aller-Rassen-408x705.jpg 408w, http:\/\/www.heimatverein-suedlohn.de\/wp-content\/uploads\/2020\/11\/K\u00f6nig-aller-Rassen.jpg 472w\" sizes=\"auto, (max-width: 90px) 100vw, 90px\" \/><\/a><\/p>\n<p>Zeitungsausschnitt vom 21.11.2020<\/td>\n<td><\/td>\n<td>Abhandlung von Alfons Zimmer \u00fcber den Tabubruch von Pater Elpidius Mark\u00f6tter, erschienen am 21.11.2020 in der Essener Kirchenzeitung &#8222;Neues Ruhr-Wort&#8220;.<\/p>\n<p><a href=\"http:\/\/www.heimatverein-suedlohn.de\/wp-content\/uploads\/2020\/11\/K\u00f6nig-aller-Rassen.pdf\">Download K\u00f6nig aller Rassen<\/a><\/td>\n<\/tr>\n<\/tbody>\n<\/table>\n<table border=\"0\" cellspacing=\"0\" cellpadding=\"0\">\n<tbody>\n<tr>\n<td valign=\"top\" width=\"203\">\n<p style=\"text-align: center;\"><a href=\"http:\/\/www.heimatverein-suedlohn.de\/media\/pressearchiv_repros\/20111014.pdf\" target=\"_blank\" rel=\"noopener\"><img loading=\"lazy\" decoding=\"async\" src=\"http:\/\/www.heimatverein-suedlohn.de\/media\/ueber_suedlohn\/friedhof_ehrenmal\/20111014.jpg\" alt=\"\" width=\"33\" height=\"150\" align=\"left\" hspace=\"20\" \/><\/a><br \/>\nZeitungsausschnitt vom<br \/>\n14.10.2011<\/p>\n<\/td>\n<td valign=\"top\" width=\"11\"><\/td>\n<td valign=\"middle\" width=\"547\">Im Leserbrief von Maria L\u00fcdiger-Schmeing vom 14. Oktober 2011 hei\u00dft es: &#8222;&#8230;&#8230;. Pater Elpidius steht in der damaligen Zeit als einzigartiger und mutiger Glaubenszeuge da, der durchaus einen besonderen Platz in der Kirchengeschichte verdiene, weit \u00fcber die Dioz\u00f6se M\u00fcnster hinaus. Lesen Sie hier den Leserbrief.<\/td>\n<\/tr>\n<\/tbody>\n<\/table>\n<table border=\"0\" cellspacing=\"0\" cellpadding=\"0\">\n<tbody>\n<tr>\n<td valign=\"top\" width=\"229\">\n<p style=\"text-align: center;\"><a href=\"http:\/\/www.heimatverein-suedlohn.de\/media\/pressearchiv_repros\/20120628.pdf\" target=\"_blank\" rel=\"noopener\"><img loading=\"lazy\" decoding=\"async\" src=\"http:\/\/www.heimatverein-suedlohn.de\/media\/pressearchiv_repros\/20120628.jpg\" alt=\"\" width=\"50\" height=\"143\" align=\"left\" hspace=\"20\" \/><\/a><br \/>\nZeitungsausschnitt vom<br \/>\n28.06.2012<\/p>\n<\/td>\n<td valign=\"top\" width=\"7\"><\/td>\n<td valign=\"middle\" width=\"525\">Gedenken an einen, der seinen Mut mit dem Leben bezahlte<\/td>\n<\/tr>\n<\/tbody>\n<\/table>\n<\/div><\/section>\n","protected":false},"excerpt":{"rendered":"","protected":false},"author":1,"featured_media":0,"parent":152,"menu_order":2,"comment_status":"closed","ping_status":"closed","template":"","meta":{"footnotes":""},"class_list":["post-191","page","type-page","status-publish","hentry"],"_links":{"self":[{"href":"http:\/\/www.heimatverein-suedlohn.de\/index.php\/wp-json\/wp\/v2\/pages\/191","targetHints":{"allow":["GET"]}}],"collection":[{"href":"http:\/\/www.heimatverein-suedlohn.de\/index.php\/wp-json\/wp\/v2\/pages"}],"about":[{"href":"http:\/\/www.heimatverein-suedlohn.de\/index.php\/wp-json\/wp\/v2\/types\/page"}],"author":[{"embeddable":true,"href":"http:\/\/www.heimatverein-suedlohn.de\/index.php\/wp-json\/wp\/v2\/users\/1"}],"replies":[{"embeddable":true,"href":"http:\/\/www.heimatverein-suedlohn.de\/index.php\/wp-json\/wp\/v2\/comments?post=191"}],"version-history":[{"count":9,"href":"http:\/\/www.heimatverein-suedlohn.de\/index.php\/wp-json\/wp\/v2\/pages\/191\/revisions"}],"predecessor-version":[{"id":8073,"href":"http:\/\/www.heimatverein-suedlohn.de\/index.php\/wp-json\/wp\/v2\/pages\/191\/revisions\/8073"}],"up":[{"embeddable":true,"href":"http:\/\/www.heimatverein-suedlohn.de\/index.php\/wp-json\/wp\/v2\/pages\/152"}],"wp:attachment":[{"href":"http:\/\/www.heimatverein-suedlohn.de\/index.php\/wp-json\/wp\/v2\/media?parent=191"}],"curies":[{"name":"wp","href":"https:\/\/api.w.org\/{rel}","templated":true}]}}